ded by 10?
9
Let q be 2/(2*2/8). Suppose -q*u + 183 = -u. Suppose 0 = 4*y - 11 - u. Calculate the remainder when 35 is divided by y.
17
Let a = 0 - -47. Calculate the remainder when a is divided by 17.
13
Suppose 0 = 4*s - 0*s + 2*f - 48, -6 = 3*f. Suppose -2*y + s = 5*p, -y + 4*p + 14 = 1. Calculate the remainder when 25 is divided by y.
7
Let c(w) = -w**2 + 8*w + 6. Suppose 0 = -a + 3*a - 6. Suppose a*l - 73 = 2. Calculate the remainder when l is divided by c(7).
12
Suppose 5*d = -4*c + 94, -17 - 29 = -2*c - 2*d. Calculate the remainder when 58 is divided by c.
16
Let w = 46 + -32. What is the remainder when 23 is divided by w?
9
Suppose -5*z + 84 = 4. Calculate the remainder when z is divided by 11.
5
Let q(i) = 75*i. Let t = -14 + 15. Calculate the remainder when q(t) is divided by 19.
18
Suppose -19*y = -22*y + 54. Calculate the remainder when 68 is divided by y.
14
Suppose 8*b - 12*b + 154 = 2*v, -5*b + v + 203 = 0. Calculate the remainder when 157 is divided by b.
37
Suppose -3*y = -3*w - 9, -4*w = 5*y - 0*w - 24. Suppose -y*j + 12 = -0*j. Calculate the remainder when j is divided by 3.
0
Suppose 5*o = 15, -2*z - 2*o + 52 = -0*o. Calculate the remainder when z is divided by 54/(-21)*28/(-6).
11
Let x = 105 + -70. Let k = -18 - -30. What is the remainder when x is divided by k?
11
Suppose -5*k = 2*j - 29, 4*j = 3*k + 8*j - 23. Suppose -t = -v + k, -5*v + 1 = 5*t - 64. Let s = v + 1. Calculate the remainder when s is divided by 6.
4
Let n(u) = -5*u. Let y(l) = -2*l**2 + l. Let w be y(2). Calculate the remainder when n(w) is divided by 16.
14
Suppose u - 5*r = 26 + 15, -5*r = 2*u - 37. Suppose -4*t + 19 = q - 40, 0 = -t - 2*q + 20. Calculate the remainder when u is divided by t.
12
Let l(a) = -a**3 - a**2 + 12. Calculate the remainder when l(0) is divided by 3.
0
Suppose 4*h - 2*w = -2 - 18, 0 = -5*h - 3*w - 14. Calculate the remainder when (-1 - -2)/(h/(-12)) is divided by 2.
1
Let i = 38 - 23. Suppose 5*f - 100 = f. What is the remainder when f is divided by i?
10
Suppose 4*c + 296 = 4*z, 0 = -6*z + z + 2*c + 382. Calculate the remainder when z is divided by 20.
18
Calculate the remainder when 36 is divided by (-3 - -5 - 3) + 14.
10
Suppose -4*m - 5*v + 273 = 0, 0 = 2*v + 3 + 3. What is the remainder when m is divided by 15?
12
Suppose 2*i + 4 + 8 = 0. Let p(n) be the second derivative of n**5/20 + n**4/2 - 5*n**3/6 + 4*n**2 + 5*n. What is the remainder when p(i) is divided by 20?
18
Suppose 2*l + 6 = j + 27, -1 = j. Let f be ((-2)/6)/(1/3). Calculate the remainder when ((-12)/(-10))/(f/(-15)) is divided by l.
8
What is the remainder when 34 is divided by (-2)/(-3) + 25/3?
7
Suppose 2*q = -4*q + 108. Calculate the remainder when 34 is divided by q.
16
Let m(s) = -s**3 + 2*s**2 + s - 2. Let g be m(2). Suppose -2*h + g = -18. Calculate the remainder when 25 is divided by h.
7
Suppose -10*b - 240 = -34*b. What is the remainder when 37 is divided by b?
7
Suppose 0 - 24 = -3*f. Let x(j) = -15*j - 3. Let l be x(-2). What is the remainder when 35 is divided by f/(-3)*l/(-4)?
17
Suppose -4*p = 0, 5*y - 320 = p + 3*p. Calculate the remainder when y is divided by 11.
9
Let l = -10 - -33. Calculate the remainder when 91 is divided by l.
22
Let b = -2 - -7. Let z = b - 2. Suppose -i + 3*t + 22 = 0, t = -z*i + 2*t + 34. What is the remainder when 29 is divided by i?
9
Let x = -171 - -228. What is the remainder when x is divided by 16 - (-1 + 0 + 2)?
12
Let c be (-1)/(-2) + 30/(-4). Let f = c + 13. Suppose -f*w = -g - 3*w + 20, 3*g - 4 = -5*w. What is the remainder when 23 is divided by g?
7
Let s = 15 - 6. Suppose 4*r - 65 = -s. Calculate the remainder when 41 is divided by r.
13
Suppose -4*p + 7*p - 15 = 0. What is the remainder when 810/99 - 2/(-22)*-2 is divided by p?
3
Let w = -120 - -128. What is the remainder when 133 is divided by w?
5
Suppose 2*o = -2*h + 57 - 3, 5*o - 132 = -4*h. What is the remainder when 93 is divided by o?
21
Suppose 5*x - 80 = -5*g, -3*x - 2*x + 4*g = -89. Let v = 29 - x. What is the remainder when v is divided by 2/(-2) + 1 + 7?
5
Let s = 18 - -5. Suppose -14 - 2 = -2*i. Calculate the remainder when s is divided by i.
7
Let a be (1*2)/(2 + -3). Calculate the remainder when (-4 + 27)/(a/(-4)) is divided by 16.
14
What is the remainder when (32/2)/(-4) - -36 is divided by 17?
15
Suppose 0 = d + 2*u + 2 - 3, -3*u = d + 2. Suppose -3*g + 4 = 1. Calculate the remainder when (19/(-5))/(g/(-5)) is divided by d.
5
Let l(y) = 2*y. What is the remainder when 55 is divided by l(5)?
5
Suppose -3*m + 1 = l, -5 - 13 = -4*m + 2*l. Suppose -y = -5*p - 4, 0 = -m*y + p + 4*p + 18. What is the remainder when 26 is divided by y?
12
Let p(x) = -11*x + 2. Let j be p(-2). Suppose -4*v + 5*i + 121 + j = 0, -2*i + 166 = 4*v. Calculate the remainder when v is divided by 14.
12
Let v(s) = s**2 + 12*s + 15. Suppose -g + 2*f = f, -5*g = -2*f - 15. Calculate the remainder when v(-12) is divided by g.
0
Let z be (-2)/2 - 1/(-1). Suppose 0 = c - z*c - 17. What is the remainder when 66 is divided by c?
15
Let r(a) = 1 + 24*a**2 + 22*a**2 - 45*a**2 + a. Suppose 0 = -4*z + 1 + 7. Calculate the remainder when 12 is divided by r(z).
5
Let h = 59 - 47. Suppose 21 = 4*s + 5, -2*s = -v + 27. What is the remainder when v is divided by h?
11
What is the remainder when 154 is divided by (26 + -2)*(2 - (-1)/(-3))?
34
Let t = 48 + -29. Calculate the remainder when 74 is divided by t.
17
Suppose 3*t = 4*y + 3 + 16, 0 = -3*t - 4*y + 59. What is the remainder when 37 is divided by t?
11
Suppose 7*y = 4*y - 18. Let o(f) = f**2 - 5. Calculate the remainder when o(5) is divided by -1 - (y + 0 - 2).
6
Suppose 0 = 5*k + 16 - 6. Let g(m) = -3*m**2 - 4*m - 2. Let f be g(k). Calculate the remainder when -2*(-1)/f*-75 is divided by 9.
7
Suppose 4*c - 411 = c. Suppose 4*b = 27 + c. Calculate the remainder when b is divided by 11.
8
Let x = 56 - 37. What is the remainder when x is divided by 7?
5
Let z be ((-75)/(-12))/(1/4). Suppose -19 = -2*q + z. Calculate the remainder when q is divided by 6.
4
Let a = -9 + 13. Suppose y - 2*x - 17 = 0, 2*x + a = -6. Calculate the remainder when 5 is divided by (-3)/1*(y + -8).
2
Let o = 53 - 12. Suppose o = 5*h - 39. Calculate the remainder when 63 is divided by h.
15
Let t = 29 + -9. Suppose 0 = 5*x - 2*z - 45, 4 = -5*x + 5*z + 64. Calculate the remainder when t is divided by x.
6
Let n(r) = r**3 - 12*r**2 - 2*r + 53. What is the remainder when n(13) is divided by 66?
64
Suppose 196 + 65 = 3*s. What is the remainder when s is divided by 22?
21
Let x(h) = h**2 - h + 1. Let t(q) = 3*q**3 + 1. Let b(y) = t(y) - x(y). Let v be b(1). Suppose -v*d + 96 = 30. What is the remainder when d is divided by 12?
10
Let z = 16 + -11. Let i be ((-4)/6)/((-2)/3). Suppose 4*u + i = 13. Calculate the remainder when z is divided by u.
2
Suppose 0 = -12*b + 7*b + 25. Let a(o) = -3*o + 4*o**2 - 1 + 0*o + b + 5*o. Calculate the remainder when a(-3) is divided by 12.
10
Suppose 4*a - 66 = 78. Suppose -k - a = -3*k. Calculate the remainder when k is divided by 7.
4
Let f(o) = -29*o - 5. Suppose 0 = -2*b + 5*b - 42. Calculate the remainder when f(-2) is divided by b.
11
Suppose 3*a = 4*a + 3. Let v = 16 - a. Calculate the remainder when 56 is divided by v.
18
Let l = 31 + 4. Suppose 2*y = 2*n + 42, -n - n - 5*y - l = 0. Let q = 5 - n. Calculate the remainder when q is divided by 9.
7
Let g(a) = -a**3 - 5*a**2 - 2*a + 3. What is the remainder when 35 is divided by g(-5)?
9
Let n(j) = j**2 - 4*j - 17. What is the remainder when n(8) is divided by 4?
3
Calculate the remainder when -54*2*(-2)/8 is divided by 7.
6
Suppose 0 = 4*o + 1 - 9. Calculate the remainder when o is divided by (-2)/((-2 - -1) + -1).
0
Let n(t) = -t**2 + 6*t + 1. Let v be (-13)/(-2) + (-1)/2. Suppose v*l - l - 25 = 0. Calculate the remainder when 11 is divided by n(l).
5
Let k(m) = 3*m**2 + 6*m + 15. Suppose 0*g - 30 = -5*g. Calculate the remainder when 424/g + 1/3 is divided by k(-3).
23
Suppose 0 = -4*z + 3*g + 62, -65 + 5 = -4*z + 4*g. Suppose -84 + 19 = -f. What is the remainder when f is divided by z?
14
Calculate the remainder when (-1003)/68*(-5 + 1) is divided by 31.
28
Let a(f) = 3*f - 9. Let j be a(6). Suppose 0 = -4*k, -4*o - 10 = o + k. Let x = o + j. What is the remainder when 19